 9
884108
What is 21aaa6 (base 11) in base 13?
c3c22
-656922 (base 10) to base 3
-1020101010110
What is -3003300 (base 4) in base 7?
-51345
What is -33243342 (base 6) in base 9?
-1785458
246570 (base 15) to base 13
490302
406a8 (base 16) to base 15
5329d
What is 1212210122202 (base 3) in base 8?
3641002
-665345 (base 11) to base 7
-12006635
67a77 (base 13) to base 3
100120121201
What is 118d76 (base 14) in base 9?
1115174
What is -a46b34 (base 16) in base 8?
-51065464
Convert -20757203 (base 9) to base 13.
-20c9739
What is -351511403 (base 6) in base 13?
-1476399
What is e1989 (base 15) in base 16?
ae627
What is -2121120210210 (base 3) in base 6?
-45440033
25233 (base 11) to base 8
106567
27411641 (base 8) to base 9
12536314
Convert 703a239 (base 11) to base 10.
12458444
Convert 2845678 (base 9) to base 7.
16210532
What is 1134435121 (base 6) in base 2?
110000111001110110011001
What is 11273505 (base 8) in base 4?
21113131011
Convert 12b9c2 (base 13) to base 4.
1232321311
-103131213321 (base 4) to base 13
-10983a2
Convert 446935 (base 11) to base 8.
2556311
404224404 (base 5) to base 3
10001222012100
8e171 (base 15) to base 13
12accc
-1883dc (base 16) to base 14
-2db708
-8a2ce (base 15) to base 5
-103030034
What is -326696 (base 13) in base 2?
-100100001011000101000
-108979 (base 10) to base 3
-12112111021
Convert -176631 (base 9) to base 3.
-12120201001
What is 4246575 (base 9) in base 15?
2ee0d8
Convert 3cb410 (base 16) to base 14.
757b32
-1525001 (base 7) to base 15
-41a52
Convert 4335555 (base 9) to base 15.
30e5ce
What is 555144 (base 7) in base 10?
97836
What is -792b3c (base 13) in base 2?
-1010111010110101000100
What is -4ca58c (base 14) in base 15?
-372707
Convert -202529 (base 11) to base 3.
-121112100212
1100012102 (base 4) to base 12
139a42
What is -16674233 (base 9) in base 12?
-297a740
What is 26406036 (base 8) in base 4?
112200300132
3135155 (base 6) to base 8
452317
102111001102 (base 3) to base 16
372ec
-10011011100100001000111 (base 2) to base 11
-2971950
28aa37 (base 15) to base 5
1000203202
-110020102001000 (base 3) to base 8
-30636014
What is -11202200021 (base 3) in base 14?
-26285
Convert 10234203 (base 5) to base 12.
42297
What is -1001202003022 (base 4) in base 7?
-266006020
d117 (base 15) to base 13
17110
Convert -252343 (base 13) to base 5.
-211442342
What is -3f2fe (base 16) in base 8?
-771376
-14452005 (base 6) to base 5
-112121311
Convert -8b5a1e (base 16) to base 15.
-c05e34
What is -122103 (base 7) in base 12?
-10b23
Convert 2a7b03 (base 14) to base 9.
2706710
What is -2313320232 (base 4) in base 11?
-474986
233101322 (base 4) to base 9
324575
2401003114 (base 5) to base 12
1a06094
110202201222 (base 3) to base 10
251315
What is -2b0db (base 15) in base 16?
-21d55
-bc119 (base 13) to base 16
-532f6
Convert 49ab3 (base 13) to base 5.
13321403
Convert 10201222111 (base 3) to base 16.
11f8f
1300104124 (base 5) to base 11
1847680
-2b1665 (base 14) to base 7
-15524455
Convert 2b339a (base 12) to base 11.
45a645
What is 2538328 (base 9) in base 3?
2121022100222
Convert 163623 (base 8) to base 2.
1110011110010011
What is 1000222121111112 (base 3) in base 4?
320233001312
-8d443 (base 14) to base 7
-2631313
4032524 (base 6) to base 4
232222210
What is 1781204 (base 12) in base 7?
56420140
Convert -111133200 (base 4) to base 8.
-253740
Convert -51123505 (base 6) to base 8.
-5436601
-2314333 (base 5) to base 13
-16079
Convert -1094467 (base 10) to base 12.
-449457
Convert 120011010200 (base 3) to base 13.
a59b1
20038625 (base 9) to base 5
4423420322
-4c9a24 (base 15) to base 7
-43155016
Convert 1a34a (base 15) to base 4.
110302000
What is 11022142 (base 5) in base 3?
11211201112
What is -12010022221 (base 3) in base 13?
-36b92
-295d (base 14) to base 9
-11050
What is 103515 (base 10) in base 5?
11303030
-2207 (base 16) to base 13
-3c71
-5927 (base 16) to base 7
-123353
312233021032 (base 4) to base 2
110110101111001001001110
Convert 101111101000111100100 (base 2) to base 15.
20c80a
What is 1000111010011000010 (base 2) in base 12?
121002
110001110101000 (base 2) to base 8
61650
What is 18054c (base 13) in base 11?
380342
Convert -2b1014 (base 12) to base 3.
-1100221221121
Convert 100103201 (base 4) to base 5.
4114120
-174901 (base 14) to base 6
-25321513
Convert -2d317 (base 15) to base 5.
-14131242
Convert -2443321034 (base 5) to base 7.
-100426005
Convert -10111011001101001010 (base 2) to base 8.
-2731512
What is -c4dd (base 16) in base 2?
-1100010011011101
25c39 (base 14) to base 3
11201111210
What is 16646581 (base 9) in base 10?
8357005
Convert 235706 (base 8) to base 7.
454452
275670 (base 10) to base 9
460130
Convert 364166 (base 8) to base 5.
13000141
-38dd97 (base 16) to base 5
-1423223433
Convert 1121308 (base 10) to base 11.
6a6501
What is -33032030 (base 4) in base 10?
-62348
Convert -1d095c (base 14) to base 7.
-11555245
What is -12013011 (base 5) in base 8?
-327455
Convert -129721 (base 13) to base 5.
-103340043
Convert -671c0 (base 16) to base 7.
-3406205
-11552145 (base 7) to base 11
-649957
1534246 (base 7) to base 6
4302011
Convert -11126624 (base 9) to base 3.
-101010220200211
Convert -2e97 (base 15) to base 11.
-75aa
Convert -155213230 (base 7) to base 9.
-21685141
What is -51412100 (base 6) in base 7?
-15400356
-22020627 (base 8) to base 16
-482197
18bdd9 (base 16) to base 9
3041207
Convert -10431540 (base 6) to base 16.
-4cfd4
Convert 584597 (base 10) to base 14.
11308d
-1052413524 (base 6) to base 2
-101100010000111111011100
What is -adba0 (base 14) in base 3?
-210110001101
Convert 535219 (base 10) to base 6.
15245511
What is 203112030133 (base 4) in base 14?
1332b39
Convert 20a059 (base 11) to base 7.
2565031
-1101110001011000100 (base 2) to base 10
-451268
Convert 675705 (base 8) to base 13.
7cbb0
-2526261 (base 7) to base 9
-546573
Convert -12010111222 (base 3) to base 15.
-1edbe
Convert 1002010221210110 (base 3) to base 15.
155e7cc
What is -10413435 (base 6) in base 15?
-62bbb
Convert 345bb (base 15) to base 4.
220230110
Convert 448102 (base 10) to base 8.
1553146
What is -23857 (base 14) in base 13?
-3060c
10000110000001011 (base 2) to base 6
1245403
Convert -45225413 (base 8) to base 14.
-14268d5
757d (base 14) to base 4
10331023
What is 2020100122200 (base 3) in base 9?
2210580
Convert -172746b (base 12) to base 16.
-48f7d3
10783322 (base 9) to base 8
24020262
Convert -21032573 (base 8) to base 10.
-4470139
601543 (base 8) to base 14
51d75
Convert -a06006 (base 12) to base 16.
-262086
What is 75c5e (base 15) in base 14?
9a451
What is -407075 (base 9) in base 4?
-322323113
What is 2111011122102 (base 3) in base 14?
265b91
What is 623884 (base 10) in base 2?
10011000010100001100
11121200101 (base 3) to base 15
1bde7
What is 21220142 (base 5) in base 13?
63889
What is -33177366 (base 8) in base 5?
-3312040113
What is -244410 (base 11) in base 9?
-648137
-82521 (base 12) to base 3
-22122022121
70527 (base 12) to base 2
100011100111101111
1000111110111110011 (base 2) to base 5
33410022
3003421 (base 10) to base 13
812095
-7bab34 (base 12) to base 16
-1e58d8
Convert -1300323112 (base 4) to base 7.
-3634354
-24122141 (base 5) to base 15
-462eb
Convert -1011001101101110 (base 2) to base 7.
-250630
17790 (base 14) to base 6
1133414
What is 348662 (base 9) in base 2?
110011001101100101
Convert b5b93 (base 14) to base 6.
13222245
What is -16545062 (base 7) in base 6?
-54454215
43413505 (base 7) to base 8
16135613
-310b (base 14) to base 11
-6382
Convert 100111011001101011010 (base 2) to base 9.
2377043
55040 (base 6) to base 10
7584
What is 3862441 (base 9) in base 7?
23626324
Convert -220012222012 (base 3) to base 7.
-4023632
Convert 176d1 (base 15) to base 4.
102200110
426412 (base 7) to base 9
122817
-200b6b (base 14) to base 3
-2000202121012
What is 10210001202 (base 3) in base 9?
123052
What is -302312000 (base 4) in base 11?
-132514
What is 31301111 (base 4) in base 15?
11aa5
-104b28 (base 16) to base 8
-4045450
Convert 102b0 (base 15) to base 3.
2121021210
What is 491644 (base 12) in base 11?
73a006
100101111001101001110 (base 2) to base 13
346395
226515544 (base 7) to base 13
2b82191
Convert -37a5295 (base 11) to base 4.
-121022031323
What is -17214 (base 12) in base 2?
-1000000101110000
What